 5776751?
5
What is the millions digit of 944612008?
4
What is the ten thousands digit of 54522926?
2
What is the tens digit of 2287089953?
5
What is the ten thousands digit of 2548567?
4
What is the tens digit of 5019812?
1
What is the millions digit of 1426869486?
6
What is the thousands digit of 63446003?
6
What is the ten millions digit of 314064132?
1
What is the units digit of 253163192?
2
What is the millions digit of 987226034?
7
What is the ten millions digit of 268078140?
6
What is the millions digit of 73282158?
3
What is the thousands digit of 56859732?
9
What is the tens digit of 26810045?
4
What is the ten thousands digit of 52415251?
1
What is the ten millions digit of 43940636?
4
What is the hundred millions digit of 108631459?
1
What is the millions digit of 50831260?
0
What is the units digit of 544000312?
2
What is the millions digit of 1784712297?
4
What is the ten thousands digit of 2420238068?
3
What is the hundreds digit of 141656815?
8
What is the units digit of 8239080283?
3
What is the units digit of 272953135?
5
What is the billions digit of 3913569401?
3
What is the ten millions digit of 825932276?
2
What is the millions digit of 12547330?
2
What is the tens digit of 238536443?
4
What is the thousands digit of 46917435?
7
What is the thousands digit of 1640389231?
9
What is the ten millions digit of 605052610?
0
What is the ten thousands digit of 45804382?
0
What is the hundred thousands digit of 465190?
4
What is the units digit of 122398929?
9
What is the millions digit of 1020760972?
0
What is the millions digit of 52335618?
2
What is the thousands digit of 2161256308?
6
What is the tens digit of 49044590?
9
What is the hundreds digit of 3269863120?
1
What is the units digit of 307915683?
3
What is the ten thousands digit of 180174620?
7
What is the ten millions digit of 5404030149?
0
What is the tens digit of 366735879?
7
What is the hundreds digit of 35925991?
9
What is the ten millions digit of 823363792?
2
What is the hundred thousands digit of 2333767754?
7
What is the units digit of 123941156?
6
What is the hundred millions digit of 533690724?
5
What is the hundred thousands digit of 61505881?
5
What is the hundreds digit of 121058478?
4
What is the hundreds digit of 1938592678?
6
What is the billions digit of 2332477151?
2
What is the tens digit of 544926262?
6
What is the millions digit of 298576404?
8
What is the units digit of 258084668?
8
What is the thousands digit of 40507275?
7
What is the hundreds digit of 327826396?
3
What is the thousands digit of 239939372?
9
What is the hundred thousands digit of 169528095?
5
What is the hundred millions digit of 552315988?
5
What is the millions digit of 795406402?
5
What is the ten thousands digit of 2330797797?
9
What is the ten millions digit of 11556003?
1
What is the ten millions digit of 1554394841?
5
What is the thousands digit of 285274495?
4
What is the ten millions digit of 32923821?
3
What is the millions digit of 39603058?
9
What is the hundred thousands digit of 169191763?
1
What is the millions digit of 19290864?
9
What is the hundreds digit of 560139464?
4
What is the ten thousands digit of 1846046?
4
What is the thousands digit of 3568197541?
7
What is the hundred millions digit of 1798421441?
7
What is the thousands digit of 5752427?
2
What is the hundred millions digit of 1283494347?
2
What is the hundred thousands digit of 27076588?
0
What is the millions digit of 64165949?
4
What is the hundred millions digit of 616877600?
6
What is the hundred thousands digit of 3945600572?
6
What is the millions digit of 194851807?
4
What is the tens digit of 28018144?
4
What is the tens digit of 52873058?
5
What is the hundreds digit of 2486298079?
0
What is the ten thousands digit of 621714735?
1
What is the hundred millions digit of 176396631?
1
What is the ten millions digit of 748382773?
4
What is the millions digit of 608548330?
8
What is the tens digit of 20309400?
0
What is the millions digit of 935277172?
5
What is the ten thousands digit of 74517771?
1
What is the hundred thousands digit of 3209201204?
2
What is the ten millions digit of 1612005168?
1
What is the ten millions digit of 3729983614?
2
What is the units digit of 624722367?
7
What is the hundred millions digit of 401279200?
4
What is the hundred millions digit of 1046254553?
0
What is the hundreds digit of 141869685?
6
What is the ten millions digit of 762679067?
6
What is the thousands digit of 959407337?
7
What is the ten millions digit of 24080530?
2
What is the units digit of 150801979?
9
What is the units digit of 35425060?
0
What is the hundreds digit of 3075578485?
4
What is the hundred thousands digit of 5954680213?
6
What is the tens digit of 451606148?
4
What is the ten thousands digit of 890985626?
8
What is the ten thousands digit of 1585503976?
0
What is the hundreds digit of 200008077?
0
What is the units digit of 1711207774?
4
What is the millions digit of 1662205650?
2
What is the ten thousands digit of 59658179?
5
What is the millions digit of 1454953367?
4
What is the units digit of 179545825?
5
What is the hundred thousands digit of 82172436?
1
What is the tens digit of 6961899984?
8
What is the units digit of 64601459?
9
What is the hundred thousands digit of 2541046?
5
What is the millions digit of 5265920801?
5
What is the hundred thousands digit of 232162278?
1
What is the ten millions digit of 766087942?
6
What is the ten thousands digit of 36498888?
9
What is the thousands digit of 159966848?
6
What is the hundreds digit of 43254729?
7
What is the thousands digit of 204401589?
1
What is the hundred thousands digit of 3325056903?
0
What is the tens digit of 1948605556?
5
What is the thousands digit of 693960479?
0
What is the units digit of 42026803?
3
What is the ten thousands digit of 92140?
9
What is the hundred thousands digit of 57488369?
4
What is the ten millions digit of 320955718?
2
What is the tens digit of 726389371?
7
What is the thousands digit of 453185740?
5
What is the millions digit of 2428691463?
8
What is the units digit of 266969792?
2
What is the hundreds digit of 898016875?
8
What is the thousands digit of 208349807?
9
What is the units digit of 120347054?
4
What is the hundreds digit of 88277788?
7
What is the units digit of 22017710?
0
What is the hundreds digit of 32890681?
6
What is the units digit of 111737051?
1
What is the units digit of 47452181?
1
What is the ten thousands digit of 206945297?
4
What is the hundreds digit of 1947804568?
5
What is the millions digit of 70874547?
0
What is the thousands digit of 77371725?
1
What is the hundreds digit of 1935021553?
5
What is the units digit of 64781763?
3
What is the hundred thousands digit of 49990758?
9
What is the ten millions digit of 607314785?
0
What is the hundred millions digit of 682518211?
6
What is the millions digit of 20319475?
0
What is the hundred thousands digit of 131431404?
4
What is the ten thousands digit of 79675492?
7
What is the billions digit of 4789896619?
4
What is the ten millions digit of 79247219?
7
What is the millions digit of 1099932356?
9
What is the millions digit of 988998910?
8
What is the ten thousands digit of 941853668?
5
What is the hundreds digit of 792726868?
8
What is the hundred thousands digit of 651494595?
4
What is the tens digit of 1322183618?
1
What is the thousands digit of 248131737?
1
What is the millions digit of 48180655?
8
What is the hundred millions digit of 365809182?
3
What is the hundreds digit of 113035503?
5
What is the millions digit of 181723439?
1
What is the ten thousands digit of 316450706?
5
What is the hundred thousands digit of 8739519190?
5
What is the thousands digit of 58768150?
8
What is the hundreds digit of 1712925?
9
What is the hundred thousands digit of 74395093?
3
What is the millions digit of 451647986?
1
What is the ten thousands digit of 78558779?
5
What is the tens digit of 107359453?
5
What is the tens digit of 77806664?
6
What is the tens digit of 333622525?
2
What is the billions digit of 3486538816?
3
What is the units digit of 2343511692?
2
What is the hundred millions digit of 1758860992?
7
What is the units digit of 87670668?
8
What is the millions digit of 78518765?
8
What is the hundred